{"id":60,"date":"2019-07-28T13:48:51","date_gmt":"2019-07-28T13:48:51","guid":{"rendered":"https:\/\/www.goon.fi\/gangsterikvartetti\/?page_id=60"},"modified":"2019-08-08T06:50:03","modified_gmt":"2019-08-08T06:50:03","slug":"tama-on-etusivu","status":"publish","type":"page","link":"https:\/\/www.goon.fi\/gangsterikvartetti\/","title":{"rendered":""},"content":{"rendered":"\n<h2 class=\"wp-block-heading\"><strong>Gangsterikvartetin debyytti julkaistaan 5.9.2019<\/strong><\/h2>\n\n\n\n<blockquote class=\"wp-block-quote is-layout-flow wp-block-quote-is-layout-flow\"><p><strong><em>\u201dKasvoimme aikuisiksi, eik\u00e4 haittaa yht\u00e4\u00e4n.\u201d<\/em><\/strong><br> <\/p><\/blockquote>\n\n\n\n<p>Helsinkil\u00e4inen Gangsterikvartetti julkaisee b\u00e4ndin nime\u00e4 kantavan nelj\u00e4n biisin ep:n 5.9.2019. Levy tulee ulos kaikissa t\u00e4rkeimiss\u00e4 digitaalisissa kanavissa (mm. Spotify, Apple Music, Amazon, Youtube, jne.) sek\u00e4 fyysisen\u00e4 CD-pienpainoksena.<\/p>\n\n\n\n<figure class=\"wp-block-image\"><img loading=\"lazy\" decoding=\"async\" width=\"1024\" height=\"1024\" src=\"https:\/\/www.goon.fi\/gangsterikvartetti\/wp-content\/uploads\/2019\/08\/Gangsterikvartetti-etukansi-digijakelu-jpg-1024x1024.jpg\" alt=\"\" class=\"wp-image-111\" srcset=\"https:\/\/www.goon.fi\/gangsterikvartetti\/wp-content\/uploads\/2019\/08\/Gangsterikvartetti-etukansi-digijakelu-jpg-1024x1024.jpg 1024w, https:\/\/www.goon.fi\/gangsterikvartetti\/wp-content\/uploads\/2019\/08\/Gangsterikvartetti-etukansi-digijakelu-jpg-150x150.jpg 150w, https:\/\/www.goon.fi\/gangsterikvartetti\/wp-content\/uploads\/2019\/08\/Gangsterikvartetti-etukansi-digijakelu-jpg-300x300.jpg 300w, https:\/\/www.goon.fi\/gangsterikvartetti\/wp-content\/uploads\/2019\/08\/Gangsterikvartetti-etukansi-digijakelu-jpg-768x768.jpg 768w\" sizes=\"(max-width: 1024px) 100vw, 1024px\" \/><\/figure>\n\n\n\n<p>B\u00e4ndi soittaa suomenkielist\u00e4 rytmimusiikkia jossa yhdistyy ska, reggae ja suomirock. Sanoitusten teemat py\u00f6riv\u00e4t aikusuuteen kasvamisessa. Kolmenkympin j\u00e4lkeen nuoruus todella on lopullisesti ohi, my\u00f6nsi sen tai ei. Teksteiss\u00e4 ei haikailla menneit\u00e4 vaan katsotaan aikuisen el\u00e4m\u00e4\u00e4 suoraan silmiin. Eik\u00e4 se n\u00e4yt\u00e4 ollenkaan hullummalta!<\/p>\n\n\n\n<p>Gangsterikvartetti on (levyn kannessa vasemmalta oikealle) Jussi Hartonen (kitara, laulu), Henrikki Haavisto (rummut, laulu), Tatu Ljokkoi (basso) ja Juho Jantunen (laulu, kitara).<\/p>\n\n\n\n<figure class=\"wp-block-image\"><img loading=\"lazy\" decoding=\"async\" width=\"1024\" height=\"768\" src=\"https:\/\/www.goon.fi\/gangsterikvartetti\/wp-content\/uploads\/2019\/08\/IMG_0305-1024x768.jpg\" alt=\"\" class=\"wp-image-137\" srcset=\"https:\/\/www.goon.fi\/gangsterikvartetti\/wp-content\/uploads\/2019\/08\/IMG_0305-1024x768.jpg 1024w, https:\/\/www.goon.fi\/gangsterikvartetti\/wp-content\/uploads\/2019\/08\/IMG_0305-300x225.jpg 300w, https:\/\/www.goon.fi\/gangsterikvartetti\/wp-content\/uploads\/2019\/08\/IMG_0305-768x576.jpg 768w\" sizes=\"(max-width: 1024px) 100vw, 1024px\" \/><figcaption>Jos b\u00e4ndik\u00e4mpp\u00e4 on tarpeeksi iso, niin siell\u00e4 voi tehd\u00e4 paljon muutakin kuin soittaa!<\/figcaption><\/figure>\n\n\n\n<p>Alun perin mit\u00e4\u00e4n Gangsterikvartettia ei pit\u00e4nyt edes synty\u00e4. Muutamia vuosia sitten seitsenhenkinen Goon-orkesteri hommasi k\u00e4ytt\u00f6\u00f6ns\u00e4 kerrostalokolmion kokoisen treenik\u00e4mp\u00e4n, jossa oli mm. oma sauna. Tila mahdollisti monenlaista harrastustoimintaa ja itse musiikin soittaminen j\u00e4i. Tiloissa saunottiin, hengailtiin ja pantiin olutta. Kaikki hyv\u00e4 kuitenkin loppuu aikanaan ja vuokrais\u00e4nt\u00e4 vuokrasi tilat kaupallisempaan k\u00e4ytt\u00f6\u00f6n.<\/p>\n\n\n\n<figure class=\"wp-block-image\"><img loading=\"lazy\" decoding=\"async\" width=\"1024\" height=\"460\" src=\"https:\/\/www.goon.fi\/gangsterikvartetti\/wp-content\/uploads\/2019\/08\/IMG_2610-1024x460.jpg\" alt=\"\" class=\"wp-image-138\" srcset=\"https:\/\/www.goon.fi\/gangsterikvartetti\/wp-content\/uploads\/2019\/08\/IMG_2610-1024x460.jpg 1024w, https:\/\/www.goon.fi\/gangsterikvartetti\/wp-content\/uploads\/2019\/08\/IMG_2610-300x135.jpg 300w, https:\/\/www.goon.fi\/gangsterikvartetti\/wp-content\/uploads\/2019\/08\/IMG_2610-768x345.jpg 768w\" sizes=\"(max-width: 1024px) 100vw, 1024px\" \/><figcaption>Jos b\u00e4ndik\u00e4mpp\u00e4 on pienehk\u00f6, voi olla ett\u00e4 koko b\u00e4ndi ei mahdu sinne.<\/figcaption><\/figure>\n\n\n\n<p>Goonin soittimet suljettiin pieneen varastoon odottamaan parempia aikoja. Jossain vaiheessa mieleen tuli ajatus, ett\u00e4 ehk\u00e4 kopissa mahtuisi soittamaan jos sen j\u00e4rjestelisi oikein hyvin. Kyll\u00e4h\u00e4n sinne mahtuikin, mutta tila oli niin pieni ettei sinne mahtunut koko Goon. Nelj\u00e4 soittajaa soittimineen mahtui soittamaan pitkulaisessa huoneessa jonossa. Syntyi Gangsterikvartetti, er\u00e4\u00e4nlainen Goonin puolikas.<\/p>\n\n\n\n<figure class=\"wp-block-image\"><img loading=\"lazy\" decoding=\"async\" width=\"768\" height=\"1024\" src=\"https:\/\/www.goon.fi\/gangsterikvartetti\/wp-content\/uploads\/2019\/08\/IMG_3192-e1565177291301-768x1024.jpg\" alt=\"\" class=\"wp-image-139\" srcset=\"https:\/\/www.goon.fi\/gangsterikvartetti\/wp-content\/uploads\/2019\/08\/IMG_3192-e1565177291301-768x1024.jpg 768w, https:\/\/www.goon.fi\/gangsterikvartetti\/wp-content\/uploads\/2019\/08\/IMG_3192-e1565177291301-225x300.jpg 225w\" sizes=\"(max-width: 768px) 100vw, 768px\" \/><figcaption>Maailman pienin studio<\/figcaption><\/figure>\n\n\n\n<p>Pieni tila soundasi todella hyv\u00e4lt\u00e4. Koska huoneessa ei mahtunut tekem\u00e4\u00e4n mit\u00e4\u00e4n muuta kuin soittamaan, b\u00e4ndi p\u00e4\u00e4tyi oikeasti treenaamaan. Nelj\u00e4 biisiraakiletta muodostui hiljalleen oikeiden kappaleiden kuuloisiksi. Jotta tilan ja ajan henki saatiin vangittua, p\u00e4\u00e4tettiin ep nauhoittaa samassa pieness\u00e4 varastokopissa. Kappaleet pyrittiin \u00e4\u00e4nitt\u00e4m\u00e4\u00e4n niin liven\u00e4 kuin mahdollista ja mahdollismman v\u00e4h\u00e4ll\u00e4 m\u00e4\u00e4r\u00e4ll\u00e4 mikrofoneja ja raitoja.<\/p>\n\n\n\n<p>Syntynyt levy Gangsterikvartetti-ep on ajan kuva b\u00e4ndil\u00e4isten el\u00e4v\u00e4st\u00e4 el\u00e4m\u00e4st\u00e4. Ei me en\u00e4\u00e4 nuoria olla, mutta ei sill\u00e4 niin v\u00e4li\u00e4.<\/p>\n","protected":false},"excerpt":{"rendered":"<p>Gangsterikvartetin debyytti julkaistaan 5.9.2019 \u201dKasvoimme aikuisiksi, eik\u00e4 haittaa yht\u00e4\u00e4n.\u201d Helsinkil\u00e4inen Gangsterikvartetti julkaisee b\u00e4ndin nime\u00e4 kantavan nelj\u00e4n biisin ep:n 5.9.2019. Levy tulee ulos kaikissa t\u00e4rkeimiss\u00e4 digitaalisissa kanavissa (mm. Spotify, Apple Music, Amazon, Youtube, jne.) sek\u00e4 fyysisen\u00e4 CD-pienpainoksena. B\u00e4ndi soittaa suomenkielist\u00e4 rytmimusiikkia jossa yhdistyy ska, reggae ja suomirock. Sanoitusten teemat py\u00f6riv\u00e4t aikusuuteen&#8230;<\/p>\n","protected":false},"author":1,"featured_media":0,"parent":0,"menu_order":0,"comment_status":"closed","ping_status":"closed","template":"","meta":{"footnotes":""},"_links":{"self":[{"href":"https:\/\/www.goon.fi\/gangsterikvartetti\/index.php?rest_route=\/wp\/v2\/pages\/60"}],"collection":[{"href":"https:\/\/www.goon.fi\/gangsterikvartetti\/index.php?rest_route=\/wp\/v2\/pages"}],"about":[{"href":"https:\/\/www.goon.fi\/gangsterikvartetti\/index.php?rest_route=\/wp\/v2\/types\/page"}],"author":[{"embeddable":true,"href":"https:\/\/www.goon.fi\/gangsterikvartetti\/index.php?rest_route=\/wp\/v2\/users\/1"}],"replies":[{"embeddable":true,"href":"https:\/\/www.goon.fi\/gangsterikvartetti\/index.php?rest_route=%2Fwp%2Fv2%2Fcomments&post=60"}],"version-history":[{"count":12,"href":"https:\/\/www.goon.fi\/gangsterikvartetti\/index.php?rest_route=\/wp\/v2\/pages\/60\/revisions"}],"predecessor-version":[{"id":152,"href":"https:\/\/www.goon.fi\/gangsterikvartetti\/index.php?rest_route=\/wp\/v2\/pages\/60\/revisions\/152"}],"wp:attachment":[{"href":"https:\/\/www.goon.fi\/gangsterikvartetti\/index.php?rest_route=%2Fwp%2Fv2%2Fmedia&parent=60"}],"curies":[{"name":"wp","href":"https:\/\/api.w.org\/{rel}","templated":true}]}}