{"id":328,"date":"2019-07-27T10:52:20","date_gmt":"2019-07-27T10:52:20","guid":{"rendered":"http:\/\/www.goon.fi\/?page_id=328"},"modified":"2019-08-04T12:07:05","modified_gmt":"2019-08-04T09:07:05","slug":"kaikki-huutaa-2002","status":"publish","type":"page","link":"https:\/\/www.goon.fi\/?page_id=328","title":{"rendered":"Kaikki huutaa (2002)"},"content":{"rendered":"\n<figure class=\"wp-block-image\"><img loading=\"lazy\" decoding=\"async\" width=\"1024\" height=\"1024\" src=\"https:\/\/www.goon.fi\/wp-content\/uploads\/2019\/07\/image-13-1024x1024.png\" alt=\"\" class=\"wp-image-387\" srcset=\"https:\/\/www.goon.fi\/wp-content\/uploads\/2019\/07\/image-13-1024x1024.png 1024w, https:\/\/www.goon.fi\/wp-content\/uploads\/2019\/07\/image-13-150x150.png 150w, https:\/\/www.goon.fi\/wp-content\/uploads\/2019\/07\/image-13-300x300.png 300w, https:\/\/www.goon.fi\/wp-content\/uploads\/2019\/07\/image-13-768x768.png 768w\" sizes=\"auto, (max-width: 1024px) 100vw, 1024px\" \/><\/figure>\n\n\n\n<p>Kaikki huutaa ja Tuska nauhoitettiin vuonna 2002 silloisella b\u00e4ndik\u00e4mp\u00e4ll\u00e4 ja omin voimin. Julkaistiin promo CD-R:n\u00e4 jota l\u00e4heteltiin keikkapaikoille, festareille, levy-yhti\u00f6ihin ja lehtiin.<\/p>\n\n\n\n<p>Kaikki huutaa -kappale uudelleenjulkaistu digitaalisesti 2019.<\/p>\n\n\n\n<ol class=\"wp-block-list\"><li>Kaikki huutaa<\/li><li>Tuska<\/li><\/ol>\n\n\n\n<p>Kieli vaihtui suomeksi Voimaryhm\u00e4-nimisen tamperelaisorkesterin innoittamana.<\/p>\n\n\n\n<figure class=\"wp-block-image\"><img loading=\"lazy\" decoding=\"async\" width=\"1024\" height=\"694\" src=\"https:\/\/www.goon.fi\/wp-content\/uploads\/2019\/07\/Image7-1024x694.jpg\" alt=\"\" class=\"wp-image-336\" srcset=\"https:\/\/www.goon.fi\/wp-content\/uploads\/2019\/07\/Image7-1024x694.jpg 1024w, https:\/\/www.goon.fi\/wp-content\/uploads\/2019\/07\/Image7-300x203.jpg 300w, https:\/\/www.goon.fi\/wp-content\/uploads\/2019\/07\/Image7-768x520.jpg 768w\" sizes=\"auto, (max-width: 1024px) 100vw, 1024px\" \/><figcaption>Kaikki huutaa -biisi avasi ovet vuoden 2003 Provinssirockiin esiintym\u00e4\u00e4n.<\/figcaption><\/figure>\n\n\n\n<figure class=\"wp-block-embed-spotify wp-block-embed is-type-rich is-provider-spotify wp-embed-aspect-9-16 wp-has-aspect-ratio\"><div class=\"wp-block-embed__wrapper\">\n<iframe loading=\"lazy\" title=\"Spotify Embed: Kaikki Huutaa\" width=\"100%\" height=\"380\" allowtransparency=\"true\" frameborder=\"0\" allow=\"encrypted-media\" src=\"https:\/\/open.spotify.com\/embed\/album\/56migHLKXhSqhaNZxxS0fW?si=oXzDP_3SRDCVSOyK6abeXQ\"><\/iframe>\n<\/div><figcaption>Kaikki huutaa Spotifyss\u00e4<\/figcaption><\/figure>\n\n\n\n<figure class=\"wp-block-embed-youtube wp-block-embed is-type-video is-provider-youtube wp-embed-aspect-16-9 wp-has-aspect-ratio\"><div class=\"wp-block-embed__wrapper\">\n<iframe loading=\"lazy\" title=\"Kaikki Huutaa\" width=\"990\" height=\"743\" src=\"https:\/\/www.youtube.com\/embed\/hkQg2OWcZHk?feature=oembed\" frameborder=\"0\" allow=\"accelerometer; autoplay; clipboard-write; encrypted-media; gyroscope; picture-in-picture\" allowfullscreen><\/iframe>\n<\/div><figcaption>Kaikki huutaa Youtubessa<\/figcaption><\/figure>\n\n\n\n<p style=\"text-align:right\"><a href=\"https:\/\/www.goon.fi\/?page_id=301\">Takaisin musiikki-sivulle<\/a><\/p>\n","protected":false},"excerpt":{"rendered":"<p>Kaikki huutaa ja Tuska nauhoitettiin vuonna 2002 silloisella b\u00e4ndik\u00e4mp\u00e4ll\u00e4 ja omin voimin. Julkaistiin promo CD-R:n\u00e4 jota l\u00e4heteltiin keikkapaikoille, festareille, levy-yhti\u00f6ihin ja lehtiin. Kaikki huutaa -kappale uudelleenjulkaistu digitaalisesti 2019. Kaikki huutaa<a href=\"https:\/\/www.goon.fi\/?page_id=328\" class=\"more-link\"><span class=\"readmore\">Lue lis\u00e4\u00e4<span class=\"screen-reader-text\">Kaikki huutaa (2002)<\/span><\/span><\/a><\/p>\n","protected":false},"author":1,"featured_media":0,"parent":301,"menu_order":0,"comment_status":"closed","ping_status":"closed","template":"","meta":{"ngg_post_thumbnail":0,"footnotes":""},"class_list":["post-328","page","type-page","status-publish","hentry"],"_links":{"self":[{"href":"https:\/\/www.goon.fi\/index.php?rest_route=\/wp\/v2\/pages\/328","targetHints":{"allow":["GET"]}}],"collection":[{"href":"https:\/\/www.goon.fi\/index.php?rest_route=\/wp\/v2\/pages"}],"about":[{"href":"https:\/\/www.goon.fi\/index.php?rest_route=\/wp\/v2\/types\/page"}],"author":[{"embeddable":true,"href":"https:\/\/www.goon.fi\/index.php?rest_route=\/wp\/v2\/users\/1"}],"replies":[{"embeddable":true,"href":"https:\/\/www.goon.fi\/index.php?rest_route=%2Fwp%2Fv2%2Fcomments&post=328"}],"version-history":[{"count":6,"href":"https:\/\/www.goon.fi\/index.php?rest_route=\/wp\/v2\/pages\/328\/revisions"}],"predecessor-version":[{"id":468,"href":"https:\/\/www.goon.fi\/index.php?rest_route=\/wp\/v2\/pages\/328\/revisions\/468"}],"up":[{"embeddable":true,"href":"https:\/\/www.goon.fi\/index.php?rest_route=\/wp\/v2\/pages\/301"}],"wp:attachment":[{"href":"https:\/\/www.goon.fi\/index.php?rest_route=%2Fwp%2Fv2%2Fmedia&parent=328"}],"curies":[{"name":"wp","href":"https:\/\/api.w.org\/{rel}","templated":true}]}}