{"id":373,"date":"2019-07-27T12:04:22","date_gmt":"2019-07-27T12:04:22","guid":{"rendered":"http:\/\/www.goon.fi\/?page_id=373"},"modified":"2019-08-04T12:13:16","modified_gmt":"2019-08-04T09:13:16","slug":"various-artists-united-colors-of-ska-4-0-2007","status":"publish","type":"page","link":"https:\/\/www.goon.fi\/?page_id=373","title":{"rendered":"Various Artists: United Colors of Ska 4.0 (2007)"},"content":{"rendered":"\n<figure class=\"wp-block-image\"><img decoding=\"async\" src=\"https:\/\/www.porkpieska.com\/images\/porkpie\/products\/fullsize\/XH3CAg.jpg\" alt=\"Pork Pie United Colors Of Ska 4.0 CD\"\/><\/figure>\n\n\n\n<p>2x CD + digijakelu<br>Julkaisija: Pork Pie, Germany, PP\/BS CD 02497<\/p>\n\n\n\n<p>Goonilta kappale \u2018Katkera\u2019 mukana joka on sama kappale kuin Katkera, ylpe\u00e4 ja kateellinen levylt\u00e4 Suuri postiry\u00f6st\u00f6.<\/p>\n\n\n\n<p><a href=\"https:\/\/www.porkpieska.com\/browse\/pork-pie-united-colors-of-ska-4-0-cd\/en,0,923,2605,0,0.html\">Infoa levyst\u00e4 Pork Pien kotisivuilta<\/a><\/p>\n\n\n\n<figure class=\"wp-block-embed-spotify wp-block-embed is-type-rich is-provider-spotify wp-embed-aspect-9-16 wp-has-aspect-ratio\"><div class=\"wp-block-embed__wrapper\">\n<iframe loading=\"lazy\" title=\"Spotify Embed: United Colors of Ska 4.0\" width=\"100%\" height=\"380\" allowtransparency=\"true\" frameborder=\"0\" allow=\"encrypted-media\" src=\"https:\/\/open.spotify.com\/embed\/album\/0oPdaumhnGUym5Uhz5EQaK?si=0jzShNXrQXGqYZaghq3baA\"><\/iframe>\n<\/div><\/figure>\n\n\n\n<p style=\"text-align:right\"><a href=\"https:\/\/www.goon.fi\/?page_id=301\">Takaisin musiikki-sivulle<\/a><\/p>\n","protected":false},"excerpt":{"rendered":"<p>2x CD + digijakeluJulkaisija: Pork Pie, Germany, PP\/BS CD 02497 Goonilta kappale \u2018Katkera\u2019 mukana joka on sama kappale kuin Katkera, ylpe\u00e4 ja kateellinen levylt\u00e4 Suuri postiry\u00f6st\u00f6. Infoa levyst\u00e4 Pork Pien<a href=\"https:\/\/www.goon.fi\/?page_id=373\" class=\"more-link\"><span class=\"readmore\">Lue lis\u00e4\u00e4<span class=\"screen-reader-text\">Various Artists: United Colors of Ska 4.0 (2007)<\/span><\/span><\/a><\/p>\n","protected":false},"author":1,"featured_media":0,"parent":301,"menu_order":0,"comment_status":"closed","ping_status":"closed","template":"","meta":{"ngg_post_thumbnail":0,"footnotes":""},"class_list":["post-373","page","type-page","status-publish","hentry"],"_links":{"self":[{"href":"https:\/\/www.goon.fi\/index.php?rest_route=\/wp\/v2\/pages\/373","targetHints":{"allow":["GET"]}}],"collection":[{"href":"https:\/\/www.goon.fi\/index.php?rest_route=\/wp\/v2\/pages"}],"about":[{"href":"https:\/\/www.goon.fi\/index.php?rest_route=\/wp\/v2\/types\/page"}],"author":[{"embeddable":true,"href":"https:\/\/www.goon.fi\/index.php?rest_route=\/wp\/v2\/users\/1"}],"replies":[{"embeddable":true,"href":"https:\/\/www.goon.fi\/index.php?rest_route=%2Fwp%2Fv2%2Fcomments&post=373"}],"version-history":[{"count":2,"href":"https:\/\/www.goon.fi\/index.php?rest_route=\/wp\/v2\/pages\/373\/revisions"}],"predecessor-version":[{"id":480,"href":"https:\/\/www.goon.fi\/index.php?rest_route=\/wp\/v2\/pages\/373\/revisions\/480"}],"up":[{"embeddable":true,"href":"https:\/\/www.goon.fi\/index.php?rest_route=\/wp\/v2\/pages\/301"}],"wp:attachment":[{"href":"https:\/\/www.goon.fi\/index.php?rest_route=%2Fwp%2Fv2%2Fmedia&parent=373"}],"curies":[{"name":"wp","href":"https:\/\/api.w.org\/{rel}","templated":true}]}}