{"id":428,"date":"2019-07-28T11:05:38","date_gmt":"2019-07-28T11:05:38","guid":{"rendered":"http:\/\/www.goon.fi\/?page_id=428"},"modified":"2019-07-28T11:05:38","modified_gmt":"2019-07-28T11:05:38","slug":"video","status":"publish","type":"page","link":"https:\/\/www.goon.fi\/?page_id=428","title":{"rendered":"Video"},"content":{"rendered":"\n<p>T\u00e4lle sivulle on ker\u00e4tty Goonin virallisia musiikkivideoita, live-vetoja ja dokumenttielokuva-Liekkiin liittyv\u00e4\u00e4 materiaalia.<\/p>\n\n\n\n<h2 class=\"wp-block-heading\">Viralliset musiikkivideot<\/h2>\n\n\n\n<ul class=\"wp-block-list\"><li><a href=\"https:\/\/www.youtube.com\/watch?v=mnLMl8XgEzI\">Kingston (2003)<\/a><\/li><li><a href=\"https:\/\/www.youtube.com\/watch?v=7zcRsWxoYEE\">Jauhokoisa (2005)<\/a><\/li><li><a href=\"https:\/\/www.youtube.com\/watch?v=aXvEVICDL_s\">Tyhm\u00e4 ihminen (2005)<\/a><\/li><li><a href=\"https:\/\/www.youtube.com\/watch?v=21EyLpueeQg\">Taas sen t\u00e4ytyy muuttuu (2008)<\/a><\/li><li><a href=\"https:\/\/www.youtube.com\/watch?v=nlPn6CQQBZg\">Tien p\u00e4\u00e4ll\u00e4 (2008)<\/a><\/li><li><a href=\"https:\/\/www.youtube.com\/watch?v=xip8wndC8Tg\">Kes\u00e4biisi (2009)<\/a><\/li><li><a href=\"https:\/\/www.youtube.com\/watch?v=yNbWVe-4zcA\">Raskaat huokaukset (2010)<\/a><\/li><li><a href=\"https:\/\/www.youtube.com\/watch?v=jwnkyJBk37A\">Pysyt\u00e4\u00e4n t\u00e4\u00e4ll\u00e4 (2011)<\/a><\/li><li><a href=\"https:\/\/www.youtube.com\/watch?v=WZ-h1Yn0VuA\">Kaikist paras biisi (2013)<\/a><\/li><li><a href=\"https:\/\/www.youtube.com\/watch?v=r2eoU653RaQ\">Karibian kuu (2013)<\/a><\/li><\/ul>\n\n\n\n<h2 class=\"wp-block-heading\">Live-videota<\/h2>\n\n\n\n<figure class=\"wp-block-embed-youtube wp-block-embed is-type-video is-provider-youtube wp-embed-aspect-16-9 wp-has-aspect-ratio\"><div class=\"wp-block-embed__wrapper\">\n<iframe loading=\"lazy\" title=\"Goon el\u00e4v\u00e4n\u00e4, Semifinal 29.04.2011\" width=\"990\" height=\"557\" src=\"https:\/\/www.youtube.com\/embed\/ImqXyeXzKfw?feature=oembed\" frameborder=\"0\" allow=\"accelerometer; autoplay; clipboard-write; encrypted-media; gyroscope; picture-in-picture\" allowfullscreen><\/iframe>\n<\/div><\/figure>\n\n\n\n<p>Kokonainen keikka taltioituna 29.4.2011 Helsingin Semifinalista.<\/p>\n\n\n\n<p>Kuvaus:<br>Jukka-Pekka Bohm<br>Anssi Lautj\u00e4rvi<br>Arto Tommiska<br>Jussi Rautaniemi<br>Matti Rautaniemi<\/p>\n\n\n\n<p>Leikkaus: J-P Bohm<\/p>\n\n\n\n<p>\u00c4\u00e4nitys: Sami Juutinen<br>Livemiksaus: Ville Aalto<br>Valot: Tapio Wilska<br>\u00c4\u00e4nen masterointi: Teemu Aalto<\/p>\n\n\n\n<h2 class=\"wp-block-heading\">Dokumenttielokuva Liekki<br>Dokkari b\u00e4ndist\u00e4 nimelt\u00e4 Goon<\/h2>\n\n\n\n<figure class=\"wp-block-embed-youtube wp-block-embed is-type-video is-provider-youtube wp-embed-aspect-16-9 wp-has-aspect-ratio\"><div class=\"wp-block-embed__wrapper\">\n<iframe loading=\"lazy\" title=\"Liekki - Dokkari b\u00e4ndist\u00e4 nimelt\u00e4 GOON\" width=\"990\" height=\"557\" src=\"https:\/\/www.youtube.com\/embed\/cGeo65SwoDo?feature=oembed\" frameborder=\"0\" allow=\"accelerometer; autoplay; clipboard-write; encrypted-media; gyroscope; picture-in-picture\" allowfullscreen><\/iframe>\n<\/div><\/figure>\n\n\n\n<p>Goonin 10 vuotisen uran kunniaksi vuonna 2011&nbsp;tehty&nbsp;dokumenttielokuva.<\/p>\n\n\n\n<p>K\u00e4sikirjoitus, ohjaus ja leikkaus: Jussi Rautaniemi<br>Kuvaus: Jussi Rautaniemi ja Jukka-Pekka Bohm<br>\u00c4\u00e4nisuunnittelu: Karri Niinivaara<\/p>\n\n\n\n<p>Kymmenen vuotta sitten perustettiin ska-b\u00e4ndi. Dokumentti seuraa b\u00e4ndin uraa alusta t\u00e4h\u00e4n p\u00e4iv\u00e4\u00e4n demob\u00e4ndist\u00e4 levytyssopimukseen, debyyttilevyn toiveista arjen ja unelman yhteensovittamiseen.<\/p>\n\n\n\n<h4 class=\"wp-block-heading\">Teasereita Liekki-dokkarista<\/h4>\n\n\n\n<ul class=\"wp-block-list\"><li><a href=\"https:\/\/www.youtube.com\/watch?v=dufo2rTgfzw\">Dokkari b\u00e4ndist\u00e4 nimelt\u00e4 Goon &#8211; Teaser #1<\/a><\/li><li><a href=\"https:\/\/www.youtube.com\/watch?v=qWYePOin0iA\">Dokkari b\u00e4ndist\u00e4 nimelt\u00e4 Goon &#8211; Teaser #2<\/a><\/li><li><a href=\"https:\/\/www.youtube.com\/watch?v=G-xpvOrjxVc\">Dokkari b\u00e4ndist\u00e4 nimelt\u00e4 Goon &#8211; Teaser #3<\/a><\/li><\/ul>\n","protected":false},"excerpt":{"rendered":"<p>T\u00e4lle sivulle on ker\u00e4tty Goonin virallisia musiikkivideoita, live-vetoja ja dokumenttielokuva-Liekkiin liittyv\u00e4\u00e4 materiaalia. Viralliset musiikkivideot Kingston (2003) Jauhokoisa (2005) Tyhm\u00e4 ihminen (2005) Taas sen t\u00e4ytyy muuttuu (2008) Tien p\u00e4\u00e4ll\u00e4 (2008) Kes\u00e4biisi<a href=\"https:\/\/www.goon.fi\/?page_id=428\" class=\"more-link\"><span class=\"readmore\">Lue lis\u00e4\u00e4<span class=\"screen-reader-text\">Video<\/span><\/span><\/a><\/p>\n","protected":false},"author":1,"featured_media":0,"parent":0,"menu_order":0,"comment_status":"closed","ping_status":"closed","template":"","meta":{"ngg_post_thumbnail":0,"footnotes":""},"class_list":["post-428","page","type-page","status-publish","hentry"],"_links":{"self":[{"href":"https:\/\/www.goon.fi\/index.php?rest_route=\/wp\/v2\/pages\/428","targetHints":{"allow":["GET"]}}],"collection":[{"href":"https:\/\/www.goon.fi\/index.php?rest_route=\/wp\/v2\/pages"}],"about":[{"href":"https:\/\/www.goon.fi\/index.php?rest_route=\/wp\/v2\/types\/page"}],"author":[{"embeddable":true,"href":"https:\/\/www.goon.fi\/index.php?rest_route=\/wp\/v2\/users\/1"}],"replies":[{"embeddable":true,"href":"https:\/\/www.goon.fi\/index.php?rest_route=%2Fwp%2Fv2%2Fcomments&post=428"}],"version-history":[{"count":1,"href":"https:\/\/www.goon.fi\/index.php?rest_route=\/wp\/v2\/pages\/428\/revisions"}],"predecessor-version":[{"id":429,"href":"https:\/\/www.goon.fi\/index.php?rest_route=\/wp\/v2\/pages\/428\/revisions\/429"}],"wp:attachment":[{"href":"https:\/\/www.goon.fi\/index.php?rest_route=%2Fwp%2Fv2%2Fmedia&parent=428"}],"curies":[{"name":"wp","href":"https:\/\/api.w.org\/{rel}","templated":true}]}}