{"id":44,"date":"2017-04-14T15:08:18","date_gmt":"2017-04-14T12:08:18","guid":{"rendered":"https:\/\/goonkarhula.wordpress.com\/jasenet-2\/"},"modified":"2017-04-14T15:08:18","modified_gmt":"2017-04-14T12:08:18","slug":"gangsterit-2","status":"publish","type":"page","link":"https:\/\/www.goon.fi\/?page_id=44","title":{"rendered":"Gangsterit kautta aikain"},"content":{"rendered":"<h2>Juho Jantunen<\/h2>\n<p><img loading=\"lazy\" decoding=\"async\" class=\"alignnone size-full wp-image-124\" src=\"https:\/\/www.goon.fi\/wp-content\/uploads\/2017\/04\/goon8.jpg\" alt=\"goon8\" width=\"1512\" height=\"2268\" srcset=\"https:\/\/www.goon.fi\/wp-content\/uploads\/2017\/04\/goon8.jpg 1512w, https:\/\/www.goon.fi\/wp-content\/uploads\/2017\/04\/goon8-200x300.jpg 200w, https:\/\/www.goon.fi\/wp-content\/uploads\/2017\/04\/goon8-768x1152.jpg 768w, https:\/\/www.goon.fi\/wp-content\/uploads\/2017\/04\/goon8-683x1024.jpg 683w\" sizes=\"auto, (max-width: 1512px) 100vw, 1512px\" \/><br \/>\nLaulu, kitara &amp; trumpetti<br \/>\n2001 -&gt;<\/p>\n<p>&nbsp;<\/p>\n<h2>Tatu Ljokkoi<\/h2>\n<p><img loading=\"lazy\" decoding=\"async\" class=\"alignnone size-full wp-image-115\" src=\"https:\/\/www.goon.fi\/wp-content\/uploads\/2017\/04\/img_9489_iso.jpg\" alt=\"IMG_9489_iso\" width=\"800\" height=\"1200\" srcset=\"https:\/\/www.goon.fi\/wp-content\/uploads\/2017\/04\/img_9489_iso.jpg 800w, https:\/\/www.goon.fi\/wp-content\/uploads\/2017\/04\/img_9489_iso-200x300.jpg 200w, https:\/\/www.goon.fi\/wp-content\/uploads\/2017\/04\/img_9489_iso-768x1152.jpg 768w, https:\/\/www.goon.fi\/wp-content\/uploads\/2017\/04\/img_9489_iso-683x1024.jpg 683w\" sizes=\"auto, (max-width: 800px) 100vw, 800px\" \/>Basso &amp; laulu<br \/>\n2001 -&gt;<\/p>\n<p>&nbsp;<\/p>\n<h2>Jussi Hartonen<\/h2>\n<p><img loading=\"lazy\" decoding=\"async\" class=\"alignnone size-full wp-image-123\" src=\"https:\/\/www.goon.fi\/wp-content\/uploads\/2017\/04\/image15.jpg\" alt=\"Image15\" width=\"3416\" height=\"2424\" srcset=\"https:\/\/www.goon.fi\/wp-content\/uploads\/2017\/04\/image15.jpg 3416w, https:\/\/www.goon.fi\/wp-content\/uploads\/2017\/04\/image15-300x213.jpg 300w, https:\/\/www.goon.fi\/wp-content\/uploads\/2017\/04\/image15-768x545.jpg 768w, https:\/\/www.goon.fi\/wp-content\/uploads\/2017\/04\/image15-1024x727.jpg 1024w\" sizes=\"auto, (max-width: 3416px) 100vw, 3416px\" \/>Kitara, huuliharppu &amp; laulu<br \/>\n2001 -&gt;<\/p>\n<p>&nbsp;<\/p>\n<h2>Henrikki &#8221;Hank Hendersson&#8221; Haavisto<\/h2>\n<p><img loading=\"lazy\" decoding=\"async\" class=\"alignnone size-full wp-image-121\" src=\"https:\/\/www.goon.fi\/wp-content\/uploads\/2017\/04\/mikko-010.jpg\" alt=\"mikko 010\" width=\"3072\" height=\"2048\" srcset=\"https:\/\/www.goon.fi\/wp-content\/uploads\/2017\/04\/mikko-010.jpg 3072w, https:\/\/www.goon.fi\/wp-content\/uploads\/2017\/04\/mikko-010-300x200.jpg 300w, https:\/\/www.goon.fi\/wp-content\/uploads\/2017\/04\/mikko-010-768x512.jpg 768w, https:\/\/www.goon.fi\/wp-content\/uploads\/2017\/04\/mikko-010-1024x683.jpg 1024w\" sizes=\"auto, (max-width: 3072px) 100vw, 3072px\" \/>Rummut &amp; laulu<br \/>\n2001 -&gt;<\/p>\n<p>&nbsp;<\/p>\n<h2>Matti Vuolahti<\/h2>\n<p><img loading=\"lazy\" decoding=\"async\" class=\"alignnone size-full wp-image-118\" src=\"https:\/\/www.goon.fi\/wp-content\/uploads\/2017\/04\/img_9499_iso.jpg\" alt=\"IMG_9499_iso\" width=\"800\" height=\"1200\" srcset=\"https:\/\/www.goon.fi\/wp-content\/uploads\/2017\/04\/img_9499_iso.jpg 800w, https:\/\/www.goon.fi\/wp-content\/uploads\/2017\/04\/img_9499_iso-200x300.jpg 200w, https:\/\/www.goon.fi\/wp-content\/uploads\/2017\/04\/img_9499_iso-768x1152.jpg 768w, https:\/\/www.goon.fi\/wp-content\/uploads\/2017\/04\/img_9499_iso-683x1024.jpg 683w\" sizes=\"auto, (max-width: 800px) 100vw, 800px\" \/><br \/>\nPasuuna &amp; laulu<br \/>\n2002 -&gt;<\/p>\n<p>&nbsp;<\/p>\n<h2>Lasse Kuismanen<\/h2>\n<p><img loading=\"lazy\" decoding=\"async\" class=\"alignnone size-full wp-image-127\" src=\"https:\/\/www.goon.fi\/wp-content\/uploads\/2017\/04\/img_0016.jpg\" alt=\"IMG_0016\" width=\"1936\" height=\"2592\" srcset=\"https:\/\/www.goon.fi\/wp-content\/uploads\/2017\/04\/img_0016.jpg 1936w, https:\/\/www.goon.fi\/wp-content\/uploads\/2017\/04\/img_0016-224x300.jpg 224w, https:\/\/www.goon.fi\/wp-content\/uploads\/2017\/04\/img_0016-768x1028.jpg 768w, https:\/\/www.goon.fi\/wp-content\/uploads\/2017\/04\/img_0016-765x1024.jpg 765w\" sizes=\"auto, (max-width: 1936px) 100vw, 1936px\" \/><br \/>\nMandoliini, kitara &amp; laulu<br \/>\n2008 -&gt;<\/p>\n<p>&nbsp;<\/p>\n<h2>Vesa Rahkama<\/h2>\n<p><img loading=\"lazy\" decoding=\"async\" class=\"alignnone size-full wp-image-126\" src=\"https:\/\/www.goon.fi\/wp-content\/uploads\/2017\/04\/img_2015.jpg\" alt=\"IMG_2015\" width=\"2088\" height=\"2952\" srcset=\"https:\/\/www.goon.fi\/wp-content\/uploads\/2017\/04\/img_2015.jpg 2088w, https:\/\/www.goon.fi\/wp-content\/uploads\/2017\/04\/img_2015-212x300.jpg 212w, https:\/\/www.goon.fi\/wp-content\/uploads\/2017\/04\/img_2015-768x1086.jpg 768w, https:\/\/www.goon.fi\/wp-content\/uploads\/2017\/04\/img_2015-724x1024.jpg 724w\" sizes=\"auto, (max-width: 2088px) 100vw, 2088px\" \/><br \/>\nTrumpetti &amp; laulu<br \/>\n2009 -&gt;<\/p>\n<p>&nbsp;<\/p>\n<h2>Ville Tolvanen<\/h2>\n<p><img loading=\"lazy\" decoding=\"async\" class=\"alignnone size-full wp-image-119\" src=\"https:\/\/www.goon.fi\/wp-content\/uploads\/2017\/04\/goon7.jpg\" alt=\"goon7\" width=\"1512\" height=\"2268\" srcset=\"https:\/\/www.goon.fi\/wp-content\/uploads\/2017\/04\/goon7.jpg 1512w, https:\/\/www.goon.fi\/wp-content\/uploads\/2017\/04\/goon7-200x300.jpg 200w, https:\/\/www.goon.fi\/wp-content\/uploads\/2017\/04\/goon7-768x1152.jpg 768w, https:\/\/www.goon.fi\/wp-content\/uploads\/2017\/04\/goon7-683x1024.jpg 683w\" sizes=\"auto, (max-width: 1512px) 100vw, 1512px\" \/>Koskettimet &amp; laulu<br \/>\n2002 &#8211; 2008<\/p>\n<p>&nbsp;<\/p>\n<h2>Sanna Tanninen<\/h2>\n<p><img loading=\"lazy\" decoding=\"async\" class=\"alignnone size-full wp-image-120\" src=\"https:\/\/www.goon.fi\/wp-content\/uploads\/2017\/04\/goon29.jpg\" alt=\"goon29\" width=\"1512\" height=\"2268\" srcset=\"https:\/\/www.goon.fi\/wp-content\/uploads\/2017\/04\/goon29.jpg 1512w, https:\/\/www.goon.fi\/wp-content\/uploads\/2017\/04\/goon29-200x300.jpg 200w, https:\/\/www.goon.fi\/wp-content\/uploads\/2017\/04\/goon29-768x1152.jpg 768w, https:\/\/www.goon.fi\/wp-content\/uploads\/2017\/04\/goon29-683x1024.jpg 683w\" sizes=\"auto, (max-width: 1512px) 100vw, 1512px\" \/>Saksofoni<br \/>\n2006 &#8211; 2008<\/p>\n<p>&nbsp;<\/p>\n<h2>Onni Asikainen<\/h2>\n<p><img loading=\"lazy\" decoding=\"async\" class=\"alignnone size-full wp-image-122\" src=\"https:\/\/www.goon.fi\/wp-content\/uploads\/2017\/04\/mikko-057-e1492247126684.jpg\" alt=\"mikko 057\" width=\"2048\" height=\"3072\" srcset=\"https:\/\/www.goon.fi\/wp-content\/uploads\/2017\/04\/mikko-057-e1492247126684.jpg 2048w, https:\/\/www.goon.fi\/wp-content\/uploads\/2017\/04\/mikko-057-e1492247126684-200x300.jpg 200w, https:\/\/www.goon.fi\/wp-content\/uploads\/2017\/04\/mikko-057-e1492247126684-768x1152.jpg 768w, https:\/\/www.goon.fi\/wp-content\/uploads\/2017\/04\/mikko-057-e1492247126684-683x1024.jpg 683w\" sizes=\"auto, (max-width: 2048px) 100vw, 2048px\" \/>Saksofoni<br \/>\n2001 &#8211; 2006<\/p>\n<p>&nbsp;<\/p>\n<h2>Jasu Koski<\/h2>\n<p><img loading=\"lazy\" decoding=\"async\" class=\"alignnone size-full wp-image-128\" src=\"https:\/\/www.goon.fi\/wp-content\/uploads\/2017\/04\/jasu.jpg\" alt=\"jasu\" width=\"878\" height=\"594\" srcset=\"https:\/\/www.goon.fi\/wp-content\/uploads\/2017\/04\/jasu.jpg 878w, https:\/\/www.goon.fi\/wp-content\/uploads\/2017\/04\/jasu-300x203.jpg 300w, https:\/\/www.goon.fi\/wp-content\/uploads\/2017\/04\/jasu-768x520.jpg 768w\" sizes=\"auto, (max-width: 878px) 100vw, 878px\" \/><br \/>\nRummut &amp; laulu<br \/>\n2001<\/p>\n<p>&nbsp;<\/p>\n<p>N\u00e4iden henkil\u00f6iden lis\u00e4ksi keikoilla ja studiossa on vieraillut kaikenlaista porukkaa.<\/p>\n","protected":false},"excerpt":{"rendered":"<p>Juho Jantunen Laulu, kitara &amp; trumpetti 2001 -&gt; &nbsp; Tatu Ljokkoi Basso &amp; laulu 2001 -&gt; &nbsp; Jussi Hartonen Kitara, huuliharppu &amp; laulu 2001 -&gt; &nbsp; Henrikki &#8221;Hank Hendersson&#8221; Haavisto<a href=\"https:\/\/www.goon.fi\/?page_id=44\" class=\"more-link\"><span class=\"readmore\">Lue lis\u00e4\u00e4<span class=\"screen-reader-text\">Gangsterit kautta aikain<\/span><\/span><\/a><\/p>\n","protected":false},"author":2,"featured_media":0,"parent":0,"menu_order":0,"comment_status":"closed","ping_status":"closed","template":"","meta":{"ngg_post_thumbnail":0,"footnotes":""},"class_list":["post-44","page","type-page","status-publish","hentry"],"_links":{"self":[{"href":"https:\/\/www.goon.fi\/index.php?rest_route=\/wp\/v2\/pages\/44","targetHints":{"allow":["GET"]}}],"collection":[{"href":"https:\/\/www.goon.fi\/index.php?rest_route=\/wp\/v2\/pages"}],"about":[{"href":"https:\/\/www.goon.fi\/index.php?rest_route=\/wp\/v2\/types\/page"}],"author":[{"embeddable":true,"href":"https:\/\/www.goon.fi\/index.php?rest_route=\/wp\/v2\/users\/2"}],"replies":[{"embeddable":true,"href":"https:\/\/www.goon.fi\/index.php?rest_route=%2Fwp%2Fv2%2Fcomments&post=44"}],"version-history":[{"count":0,"href":"https:\/\/www.goon.fi\/index.php?rest_route=\/wp\/v2\/pages\/44\/revisions"}],"wp:attachment":[{"href":"https:\/\/www.goon.fi\/index.php?rest_route=%2Fwp%2Fv2%2Fmedia&parent=44"}],"curies":[{"name":"wp","href":"https:\/\/api.w.org\/{rel}","templated":true}]}}