{"id":5,"date":"2017-04-14T11:51:37","date_gmt":"2017-04-14T11:51:37","guid":{"rendered":"https:\/\/goonkarhula.wordpress.com\/?page_id=3"},"modified":"2021-08-16T15:34:52","modified_gmt":"2021-08-16T12:34:52","slug":"tarina","status":"publish","type":"page","link":"https:\/\/www.goon.fi\/?page_id=5","title":{"rendered":"Goonin tarina"},"content":{"rendered":"<h3>Ska-musiikkia Karhulasta jo vuodesta 2001<\/h3>\n<p><img loading=\"lazy\" decoding=\"async\" class=\"alignnone size-full wp-image-140\" src=\"https:\/\/www.goon.fi\/wp-content\/uploads\/2017\/04\/historia1.jpg\" alt=\"historia1\" width=\"500\" height=\"299\" srcset=\"https:\/\/www.goon.fi\/wp-content\/uploads\/2017\/04\/historia1.jpg 500w, https:\/\/www.goon.fi\/wp-content\/uploads\/2017\/04\/historia1-300x179.jpg 300w\" sizes=\"auto, (max-width: 500px) 100vw, 500px\" \/><\/p>\n<p>Goon on vuonna 2001 Kotkan Karhulassa perustettu yhtye. B\u00e4ndi on toistaiseksi lopettanut toimintansa vuonna 2015.<\/p>\n<p>Yhtye on julkaissut uransa aikana nelj\u00e4 virallista pitk\u00e4soittoa ja useita omakustannejulkaisuja. B\u00e4ndin musiikkia voisi luonnehtia suomenkieliseksi rytmimusiikiksi jossa on kaikuja reggaesta, skasta, punkista, iskelm\u00e4st\u00e4, hiphopista ja Suomi-rockista.<\/p>\n<p>Aktiivisina vuosina Goon teki toistasataa keikkaa Suomessa, Ven\u00e4j\u00e4ll\u00e4 ja Baltian maissa.<\/p>\n<p>&nbsp;<\/p>\n<h3>Alkuvuodet: Goon hakee muotoaan (2001-2003)<\/h3>\n<p><img loading=\"lazy\" decoding=\"async\" class=\"alignnone size-full wp-image-134\" src=\"https:\/\/www.goon.fi\/wp-content\/uploads\/2017\/04\/pb010003.jpg\" alt=\"Pb010003\" width=\"1024\" height=\"766\" srcset=\"https:\/\/www.goon.fi\/wp-content\/uploads\/2017\/04\/pb010003.jpg 1024w, https:\/\/www.goon.fi\/wp-content\/uploads\/2017\/04\/pb010003-300x224.jpg 300w, https:\/\/www.goon.fi\/wp-content\/uploads\/2017\/04\/pb010003-768x575.jpg 768w\" sizes=\"auto, (max-width: 1024px) 100vw, 1024px\" \/><\/p>\n<p class=\"orkesteri_tyypit\">Vuosituhannen alussa Juho ja Tatu haaveilivat ska-b\u00e4ndist\u00e4. Levylautasella py\u00f6riv\u00e4t Reel Big Fishit, Less Than Jaket ja Rancidit. Muista suomalaisista ska-orkestereista ei Karhulassa oltu kuultukaan ja kes\u00e4ll\u00e4 2001 pojat p\u00e4\u00e4ttiv\u00e4t perustaa Suomen ensimm\u00e4isen ska-b\u00e4ndin. Rumpuihin saatiin houkuteltua muuan Jasu ja ensimm\u00e4inen demo (Goon) \u00e4\u00e4nitettiin Tatun vanhempien olohuoneessa alkeellisin v\u00e4linein.<\/p>\n<p class=\"orkesteri_tyypit\"><img loading=\"lazy\" decoding=\"async\" class=\"alignnone size-full wp-image-141\" src=\"https:\/\/www.goon.fi\/wp-content\/uploads\/2017\/04\/historia2.jpg\" alt=\"historia2\" width=\"500\" height=\"375\" srcset=\"https:\/\/www.goon.fi\/wp-content\/uploads\/2017\/04\/historia2.jpg 500w, https:\/\/www.goon.fi\/wp-content\/uploads\/2017\/04\/historia2-300x225.jpg 300w\" sizes=\"auto, (max-width: 500px) 100vw, 500px\" \/><\/p>\n<p class=\"orkesteri_tyypit\">Jasu ei kuitenkaan jaksanut olla kiinnostunut touhusta siin\u00e4 m\u00e4\u00e4rin tosissaan kuin Tatu ja Juho. Jo ekan demon j\u00e4lkeen Jasu v\u00e4istyi rummuista. Muitakin suomalaisia ska-b\u00e4ndej\u00e4 todettiin olevan olemassa. Treenaamaan ilmestyiv\u00e4t Hartsi, Henkka ja Onni. Ensimm\u00e4iset kaksi soittavat Goonissa viel\u00e4 t\u00e4n\u00e4 p\u00e4iv\u00e4n\u00e4kin ja Onni oli pitk\u00e4aikainen saksofonisti joka oli mukana menossa l\u00e4hes alusta asti aina vuoteen 2007.<\/p>\n<p class=\"orkesteri_tyypit\"><img loading=\"lazy\" decoding=\"async\" class=\"alignnone size-full wp-image-136\" src=\"https:\/\/www.goon.fi\/wp-content\/uploads\/2017\/04\/dscn0749.jpg\" alt=\"DSCN0749\" width=\"640\" height=\"480\" srcset=\"https:\/\/www.goon.fi\/wp-content\/uploads\/2017\/04\/dscn0749.jpg 640w, https:\/\/www.goon.fi\/wp-content\/uploads\/2017\/04\/dscn0749-300x225.jpg 300w\" sizes=\"auto, (max-width: 640px) 100vw, 640px\" \/><\/p>\n<p class=\"orkesteri_tyypit\">Uudella kokoonpanolla treenattiin ahkerasti ja tehtiin paljon keikkoja ymp\u00e4ri Suomea. Vuonna 2002 mukaan liittyi viel\u00e4 Ville Tolvanen koskettimiin ja seuraavana vuonna Matti Vuolahti pasuunaan. Noiden kolmen vuoden aikana tehtiin laskentatavasta riippuen nelj\u00e4 tai viisi demoa, voitettiin muutamat b\u00e4ndikilpailut ja b\u00e4ndin pitk\u00e4aikainen kokoonpano sai muotonsa.<\/p>\n<p class=\"orkesteri_tyypit\"><img loading=\"lazy\" decoding=\"async\" class=\"alignnone size-full wp-image-135\" src=\"https:\/\/www.goon.fi\/wp-content\/uploads\/2017\/04\/f1010009.jpg\" alt=\"F1010009\" width=\"1494\" height=\"1000\" srcset=\"https:\/\/www.goon.fi\/wp-content\/uploads\/2017\/04\/f1010009.jpg 1494w, https:\/\/www.goon.fi\/wp-content\/uploads\/2017\/04\/f1010009-300x201.jpg 300w, https:\/\/www.goon.fi\/wp-content\/uploads\/2017\/04\/f1010009-768x514.jpg 768w, https:\/\/www.goon.fi\/wp-content\/uploads\/2017\/04\/f1010009-1024x685.jpg 1024w\" sizes=\"auto, (max-width: 1494px) 100vw, 1494px\" \/><\/p>\n<p class=\"orkesteri_tyypit\">B\u00e4ndin musiikki alkuaikoina oli skandinaavisesta 90-luvun ska:sta ja amerikkalaisesta punk-ska:sta vaikutteita ammentavaa kohkaamista, mutta vuoden 2003 demoilla &#8217;V\u00e4\u00e4r\u00e4ll\u00e4 puolella&#8217; ja &#8217;Hanna&#8217; alkoi b\u00e4ndin musiikki l\u00f6yt\u00e4\u00e4 goonimaiset uomansa ja kieli vaihtui Englannista Suomeen.<\/p>\n<p>&nbsp;<\/p>\n<h3>B\u00e4ndi telakalla ja hommat isolleen (2004-2007)<\/h3>\n<p><img loading=\"lazy\" decoding=\"async\" class=\"alignnone size-full wp-image-137\" src=\"https:\/\/www.goon.fi\/wp-content\/uploads\/2017\/04\/goon-002.jpg\" alt=\"goon 002\" width=\"2048\" height=\"1536\" srcset=\"https:\/\/www.goon.fi\/wp-content\/uploads\/2017\/04\/goon-002.jpg 2048w, https:\/\/www.goon.fi\/wp-content\/uploads\/2017\/04\/goon-002-300x225.jpg 300w, https:\/\/www.goon.fi\/wp-content\/uploads\/2017\/04\/goon-002-768x576.jpg 768w, https:\/\/www.goon.fi\/wp-content\/uploads\/2017\/04\/goon-002-1024x768.jpg 1024w\" sizes=\"auto, (max-width: 2048px) 100vw, 2048px\" \/><\/p>\n<p class=\"orkesteri_tyypit\">Vuoden 2003 lopussa Goon j\u00e4i pitk\u00e4aikaiselle tauolle j\u00e4senten armeijan suorittamisien ja muutamien erimielisyyksien takia. Hiljaiseloa kesti l\u00e4hes vuoden, kunnes syksyll\u00e4 2004 er\u00e4s \u00e4\u00e4nitt\u00e4j\u00e4opiskelija ilmoitti haluavansa nauhoittaa Goonille uuden demon opinn\u00e4ytety\u00f6n\u00e4\u00e4n. T\u00e4m\u00e4 sys\u00e4si Goonin j\u00e4senet taas yhteen ja tekem\u00e4\u00e4n uusia biisej\u00e4.<\/p>\n<p class=\"orkesteri_tyypit\">Demo nauhoitettiin loppuvuodesta 2004 Joensuussa ja julkaistiin seuraavana vuonna nimell\u00e4 &#8217;Tee ty\u00f6t\u00e4 jolla on tarkoitus&#8217;. Mikseri.net valitsi biisin &#8217;Tyhm\u00e4 ihminen&#8217; viikon biisivalinnaksi kev\u00e4\u00e4ll\u00e4 2005 ja biisi roikkui mikserin top-10 listalla koko kev\u00e4\u00e4n.<\/p>\n<p class=\"orkesteri_tyypit\"><img loading=\"lazy\" decoding=\"async\" class=\"alignnone size-full wp-image-138\" src=\"https:\/\/www.goon.fi\/wp-content\/uploads\/2017\/04\/promo3.jpg\" alt=\"Promo3\" width=\"3072\" height=\"1756\" srcset=\"https:\/\/www.goon.fi\/wp-content\/uploads\/2017\/04\/promo3.jpg 3072w, https:\/\/www.goon.fi\/wp-content\/uploads\/2017\/04\/promo3-300x171.jpg 300w, https:\/\/www.goon.fi\/wp-content\/uploads\/2017\/04\/promo3-768x439.jpg 768w, https:\/\/www.goon.fi\/wp-content\/uploads\/2017\/04\/promo3-1024x585.jpg 1024w\" sizes=\"auto, (max-width: 3072px) 100vw, 3072px\" \/><\/p>\n<p class=\"orkesteri_tyypit\">Nettisuosio n\u00e4kyi ensimm\u00e4ist\u00e4 kertaa keikalla Vuosaaren nuorisotalolla huhtikuussa 2005. Yleis\u00f6 pakkautui lavan eteen, tanssi, pui nyrkki\u00e4 ja lauloi mukana. Hyv\u00e4 meininki jaktui keikoilla ja motivoi b\u00e4ndi\u00e4 suhtautumaan touhuun kunnianhimoisemmin.<\/p>\n<p class=\"orkesteri_tyypit\">Vuonna 2006 tehty\u00e4 &#8217;Suuri postiry\u00f6st\u00f6&#8217; omakustanne-ep:t\u00e4 seurasi jo kahden viikon kiertue ja keikkoja alkoi olla enemm\u00e4n ja enemm\u00e4n \u2013 my\u00f6s ulkomailla. Onni j\u00e4i kuvioista pois 2006 vuoden lopussa ajan ja motivaation puutteen vuoksi. Alkuvuonna 2007 b\u00e4ndi kiersi Balttian maat ja k\u00e4vi tarkastamassa Pietarin lukuisten kotimaan keikkojen ohessa.<\/p>\n<p>&nbsp;<\/p>\n<h3>Kaikki kunnossa (2007-2008)<\/h3>\n<p><img loading=\"lazy\" decoding=\"async\" class=\"alignnone size-full wp-image-142\" src=\"https:\/\/www.goon.fi\/wp-content\/uploads\/2017\/04\/goon_bio.jpg\" alt=\"goon_bio\" width=\"800\" height=\"631\" srcset=\"https:\/\/www.goon.fi\/wp-content\/uploads\/2017\/04\/goon_bio.jpg 800w, https:\/\/www.goon.fi\/wp-content\/uploads\/2017\/04\/goon_bio-300x237.jpg 300w, https:\/\/www.goon.fi\/wp-content\/uploads\/2017\/04\/goon_bio-768x606.jpg 768w\" sizes=\"auto, (max-width: 800px) 100vw, 800px\" \/><\/p>\n<p class=\"orkesteri_tyypit\">Kev\u00e4\u00e4ll\u00e4 2007 Goon solmi levytyssopimuksen helsinkil\u00e4isen Break a Leg Entertainmentin kanssa. Kev\u00e4\u00e4n aikana mukaan oli liittynyt saksofoniin Sanna Tanninen. Levy &#8217;Kaikki kunnossa&#8217; nauhoitettiin kev\u00e4\u00e4n aikana ja se julkaistiin syksyll\u00e4. Vuoden aikana keikkailtiin ahkerasti. Goon soitti mm. Petroskoin keskustorilla 7000 suomalaisen ska-musiikin yst\u00e4v\u00e4lle ja teki sadannen keikkansa Karhulan kotikapakassaan Sam&#8217;s Pubissa.<\/p>\n<p class=\"orkesteri_tyypit\">Kaikki oli kunnossa ja keikkoja riitti. Syksyn 2007 kiertueesta tehty musiikkivideo &#8217;<a href=\"https:\/\/goonkarhula.wordpress.com\/videot\/\">Tien p\u00e4\u00e4ll\u00e4<\/a>&#8217; on mainio ajankuva tuosta vuodesta.<\/p>\n<p>&nbsp;<\/p>\n<h3>Goonin uusi muoto (2008-2010)<\/h3>\n<p><img loading=\"lazy\" decoding=\"async\" class=\"alignnone size-full wp-image-139\" src=\"https:\/\/www.goon.fi\/wp-content\/uploads\/2017\/04\/historia7.jpg\" alt=\"historia7\" width=\"500\" height=\"335\" srcset=\"https:\/\/www.goon.fi\/wp-content\/uploads\/2017\/04\/historia7.jpg 500w, https:\/\/www.goon.fi\/wp-content\/uploads\/2017\/04\/historia7-300x201.jpg 300w\" sizes=\"auto, (max-width: 500px) 100vw, 500px\" \/><\/p>\n<p class=\"orkesteri_tyypit\">Kev\u00e4\u00e4ll\u00e4 2008 osa Goonin j\u00e4senist\u00e4 tunsi pakottavaa tarvetta jonkinlaiseen uudistumiseen. Suomen keikkapaikat oli koluttu vuosien varrella moneen kertaan ja uusia biisej\u00e4 ei tuntunut syntyv\u00e4n. Musiikilliset eri\u00e4v\u00e4t n\u00e4kemykset johtivat siihen, ett\u00e4 Goonin miehist\u00f6 typistyi viisihenkiseksi. Ville ja Sanna l\u00e4htiv\u00e4t ja j\u00e4ljelle j\u00e4iv\u00e4t Juho, Tatu, Hartsi, Henkka ja Matti.<\/p>\n<p class=\"orkesteri_tyypit\">Keikkoja tehtiin v\u00e4hemm\u00e4n ja keskityttiin uusien biisien tekemiseen ja harjoittelemiseen. Soittaminen b\u00e4ndik\u00e4mp\u00e4ll\u00e4 alkoi taas maistua ja uusia biisej\u00e4 alkoi synty\u00e4 nopeaan tahtiin. B\u00e4nditreeneiss\u00e4 oli taas samaa iloa kun vuosia ja vuosia aiemmin. Syksyll\u00e4 2008 Goon suuntasi j\u00e4lleen studioon nauhoittamaan toista pitk\u00e4soittoaan ja &#8217;Tehtaan varjosta&#8217; ilmestyi helmikuussa 2009.<\/p>\n<p class=\"orkesteri_tyypit\">Tehtaan varjosta ilmestymisen j\u00e4lkeen b\u00e4ndiin liittyiv\u00e4t Lasse Kuismanen mandoliiniin ja Vesa Rahkama trumpettiin. B\u00e4ndi on ollut t\u00e4ss\u00e4 kokoonpanossa siit\u00e4 l\u00e4htien.<\/p>\n<p class=\"orkesteri_tyypit\"><img loading=\"lazy\" decoding=\"async\" class=\"alignnone size-full wp-image-143\" src=\"https:\/\/www.goon.fi\/wp-content\/uploads\/2017\/04\/goon_2010_low_res_rgb.jpg\" alt=\"goon_2010_low_res_RGB\" width=\"595\" height=\"842\" srcset=\"https:\/\/www.goon.fi\/wp-content\/uploads\/2017\/04\/goon_2010_low_res_rgb.jpg 595w, https:\/\/www.goon.fi\/wp-content\/uploads\/2017\/04\/goon_2010_low_res_rgb-212x300.jpg 212w\" sizes=\"auto, (max-width: 595px) 100vw, 595px\" \/><\/p>\n<p class=\"orkesteri_tyypit\">Goon julkaisi viel\u00e4 yhden pitk\u00e4soiton levy-yhti\u00f6 Music Mallin kautta. Levy \u00e4\u00e4nitettiin Lappeenrannassa Astia-studiolla Anssi Kipon toimesta. Levy ei suurista odotuksista huolimatta breikannut radiosoittoon ja oli pettymys levy-yhti\u00f6lle. Kolmen julkaistun pitk\u00e4soiton j\u00e4lkeen tiet levy-yhti\u00f6iden kanssa erosivat.<\/p>\n<p class=\"orkesteri_tyypit\"><img loading=\"lazy\" decoding=\"async\" class=\"alignnone size-full wp-image-144\" src=\"https:\/\/www.goon.fi\/wp-content\/uploads\/2017\/04\/studios-1.jpg\" alt=\"studios-1\" width=\"700\" height=\"467\" srcset=\"https:\/\/www.goon.fi\/wp-content\/uploads\/2017\/04\/studios-1.jpg 700w, https:\/\/www.goon.fi\/wp-content\/uploads\/2017\/04\/studios-1-300x200.jpg 300w\" sizes=\"auto, (max-width: 700px) 100vw, 700px\" \/><\/p>\n<p class=\"orkesteri_tyypit\">Keikoilla k\u00e4vi aina hyvin porukkaa ja b\u00e4ndill\u00e4 oli uskollinen fanikunta. Maailma oli kuitenkin muuttunut. Fyysiset levyt eiv\u00e4t myyneet en\u00e4\u00e4 ja levy-yhti\u00f6lle yht\u00e4l\u00f6 k\u00e4vi hankalaksi.<\/p>\n<p>&nbsp;<\/p>\n<h3 class=\"orkesteri_tyypit\">Kasvu aikuisiksi (2011-2015)<\/h3>\n<p class=\"orkesteri_tyypit\">Kun tiet erkanivat levy-yhti\u00f6iden kanssa, Goon p\u00e4\u00e4tti tehd\u00e4 t\u00e4st\u00e4 eteen p\u00e4in kaiken itse. Levyt ja musiikkivideot ty\u00f6stettiin taas itse kuten alkuaikoina. Keikat j\u00e4rjestettiin itse.<\/p>\n<p class=\"orkesteri_tyypit\">T\u00e4lt\u00e4 ajanjaksolta on vuodelta 2011 mainio <a href=\"https:\/\/www.youtube.com\/watch?v=ImqXyeXzKfw\">livetaltiointi<\/a> Helsingin Semifinalista, jolloin b\u00e4ndi oli todella kovassa keikkakunnossa. Murrosajasta on my\u00f6s tehty dokumenttielokuva <a href=\"https:\/\/www.youtube.com\/watch?v=cGeo65SwoDo\">Liekki<\/a>.<\/p>\n<p class=\"orkesteri_tyypit\">Toistaiseksi viimeinen julkaistu pitk\u00e4soitto &#8221;Paikka t\u00e4\u00e4ll\u00e4&#8221; on Goonin itse julkaisema. Tuotanto oli massiivinen lukuisine \u00e4\u00e4nityslokaatioineen ja big band sovituksineen.<\/p>\n<p class=\"orkesteri_tyypit\">&#8221;Paikka t\u00e4\u00e4ll\u00e4&#8221; -levyn tuotanto&nbsp;johti lopulta siihen ett\u00e4 Kotkan Karhulaan perustettiin my\u00f6s oma \u00e4\u00e4nitysstudio Studio Oy Korkeakoski.<\/p>\n<p class=\"orkesteri_tyypit\">Samaan aikaan b\u00e4ndin j\u00e4senet olivat kuitenkin kasvaneet aikuisiksi. Osalla alkoi olla jo perhett\u00e4, aikaa vievi\u00e4 ty\u00f6teht\u00e4vi\u00e4 ja muita asioita el\u00e4m\u00e4ss\u00e4. Yhteisell\u00e4 p\u00e4\u00e4t\u00f6ksell\u00e4 b\u00e4ndi p\u00e4\u00e4tettiin laittaa telakalle toistaiseksi m\u00e4\u00e4rittelem\u00e4tt\u00f6m\u00e4n mittaiseksi ajaksi vuonna 2015.<\/p>\n<p class=\"orkesteri_tyypit\">Viimeiset keikat soitettiin Helsingin Mascotissa ja Karhulan Sam&#8217;s Pubissa huhtikuussa 2015.<\/p>\n","protected":false},"excerpt":{"rendered":"<p>This is just a short excerpt for the about&nbsp;page. &hellip; <a href=\"https:\/\/www.goon.fi\/?page_id=5\" class=\"more-link\"><span class=\"readmore\">Lue lis\u00e4\u00e4<span class=\"screen-reader-text\">Goonin tarina<\/span><\/span><\/a><\/p>\n","protected":false},"author":2,"featured_media":0,"parent":0,"menu_order":1,"comment_status":"closed","ping_status":"closed","template":"","meta":{"ngg_post_thumbnail":0,"footnotes":""},"class_list":["post-5","page","type-page","status-publish","hentry"],"_links":{"self":[{"href":"https:\/\/www.goon.fi\/index.php?rest_route=\/wp\/v2\/pages\/5","targetHints":{"allow":["GET"]}}],"collection":[{"href":"https:\/\/www.goon.fi\/index.php?rest_route=\/wp\/v2\/pages"}],"about":[{"href":"https:\/\/www.goon.fi\/index.php?rest_route=\/wp\/v2\/types\/page"}],"author":[{"embeddable":true,"href":"https:\/\/www.goon.fi\/index.php?rest_route=\/wp\/v2\/users\/2"}],"replies":[{"embeddable":true,"href":"https:\/\/www.goon.fi\/index.php?rest_route=%2Fwp%2Fv2%2Fcomments&post=5"}],"version-history":[{"count":1,"href":"https:\/\/www.goon.fi\/index.php?rest_route=\/wp\/v2\/pages\/5\/revisions"}],"predecessor-version":[{"id":755,"href":"https:\/\/www.goon.fi\/index.php?rest_route=\/wp\/v2\/pages\/5\/revisions\/755"}],"wp:attachment":[{"href":"https:\/\/www.goon.fi\/index.php?rest_route=%2Fwp%2Fv2%2Fmedia&parent=5"}],"curies":[{"name":"wp","href":"https:\/\/api.w.org\/{rel}","templated":true}]}}