{"id":746,"date":"2021-08-15T14:35:47","date_gmt":"2021-08-15T11:35:47","guid":{"rendered":"https:\/\/www.goon.fi\/?page_id=746"},"modified":"2021-08-15T14:35:47","modified_gmt":"2021-08-15T11:35:47","slug":"goon-pillifarkut","status":"publish","type":"page","link":"https:\/\/www.goon.fi\/?page_id=746","title":{"rendered":"Goon: Pillifarkut"},"content":{"rendered":"\n<h2 class=\"wp-block-heading\">Promokuvat ja kappaleen lataaminen<\/h2>\n\n\n\n<h2 class=\"wp-block-heading\">Audio<\/h2>\n\n\n\n<p>Goon: Pillifarkut<br>ISRC: FIK262100004<br>Duration: 03:23.81<\/p>\n\n\n\n<p>San. Juho Jantunen<br>S\u00e4v. ja sov. Juho Jantunen, Tatu Ljokkoi, Jussi Hartonen, Henrikki Haavisto, Lasse Kuismanen, Matti Vuolahti, Vesa Rahkama<\/p>\n\n\n\n<p><a href=\"https:\/\/www.dropbox.com\/s\/ihjkvfv08v0m54c\/02%20M2.0%20-%20Goon%20-%20Pillifarkut%2044-24.wav?dl=0\">Goon: Pillifarkut 24-bit wav, 44 100<\/a><\/p>\n\n\n\n<p><a href=\"https:\/\/www.dropbox.com\/s\/8durbzj1tk1zvzn\/02%20M2.0%20-%20Goon%20-%20Pillifarkut%20MP3.mp3?dl=0\">Goon: Pillifarkut mp3<\/a><\/p>\n\n\n\n<h2 class=\"wp-block-heading\">Promokuvat<\/h2>\n\n\n\n<figure class=\"wp-block-image size-large is-resized\"><a href=\"https:\/\/www.goon.fi\/wp-content\/uploads\/2021\/06\/goon-5-tricolor-banner-spotify-hires-scaled.jpg\"><img loading=\"lazy\" decoding=\"async\" src=\"https:\/\/www.goon.fi\/wp-content\/uploads\/2021\/06\/goon-5-tricolor-banner-spotify-hires-1024x439.jpg\" alt=\"\" class=\"wp-image-652\" width=\"840\" height=\"360\"\/><\/a><\/figure>\n\n\n\n<p><strong>Vaakakuva RGB high res<br><\/strong>Kuvaaja: Tatu Ljokkoi, nimi mainittava k\u00e4ytett\u00e4ess\u00e4<br>Kuvassa vasemmalta oikealle: Jussi Hartonen (kitara &amp; laulu), Henrikki Haavisto (rummut, perkussiot &amp; laulu), Tatu Ljokkoi (basso), Juho Jantunen (laulu &amp; kitara), Matti Vuolahti (pasuuna), Vesa Rahkama (trumpetti) ja Lasse Kuismanen (kitara, mandoliini &amp; laulu)<br><a href=\"https:\/\/www.dropbox.com\/s\/bt8oubgqqc24ev2\/goon%205%20tricolor%20banner%20spotify%20hires.jpg?dl=0\" data-type=\"URL\" data-id=\"https:\/\/www.dropbox.com\/s\/bt8oubgqqc24ev2\/goon%205%20tricolor%20banner%20spotify%20hires.jpg?dl=0\">Lataa tiedosto t\u00e4st\u00e4 (RGB, jpg, 3,7 Mt)<\/a><\/p>\n\n\n\n<figure class=\"wp-block-image size-large\"><a href=\"https:\/\/www.goon.fi\/wp-content\/uploads\/2021\/06\/goon-5-tricolor-pystypromo-hires-scaled.jpg\"><img loading=\"lazy\" decoding=\"async\" width=\"790\" height=\"1024\" src=\"https:\/\/www.goon.fi\/wp-content\/uploads\/2021\/06\/goon-5-tricolor-pystypromo-hires-790x1024.jpg\" alt=\"\" class=\"wp-image-655\" srcset=\"https:\/\/www.goon.fi\/wp-content\/uploads\/2021\/06\/goon-5-tricolor-pystypromo-hires-790x1024.jpg 790w, https:\/\/www.goon.fi\/wp-content\/uploads\/2021\/06\/goon-5-tricolor-pystypromo-hires-231x300.jpg 231w, https:\/\/www.goon.fi\/wp-content\/uploads\/2021\/06\/goon-5-tricolor-pystypromo-hires-768x996.jpg 768w, https:\/\/www.goon.fi\/wp-content\/uploads\/2021\/06\/goon-5-tricolor-pystypromo-hires-1185x1536.jpg 1185w, https:\/\/www.goon.fi\/wp-content\/uploads\/2021\/06\/goon-5-tricolor-pystypromo-hires-1579x2048.jpg 1579w, https:\/\/www.goon.fi\/wp-content\/uploads\/2021\/06\/goon-5-tricolor-pystypromo-hires-scaled.jpg 1974w\" sizes=\"auto, (max-width: 790px) 100vw, 790px\" \/><\/a><\/figure>\n\n\n\n<p><strong>Pystykuva RGB high res<br><\/strong>Kuvaaja: Tatu Ljokkoi, nimi mainittava k\u00e4ytett\u00e4ess\u00e4<br>Kuvassa vasemmalta oikealle: Jussi Hartonen (kitara &amp; laulu), Henrikki Haavisto (rummut, perkussiot &amp; laulu), Tatu Ljokkoi (basso), Juho Jantunen (laulu &amp; kitara), Matti Vuolahti (pasuuna), Vesa Rahkama (trumpetti) ja Lasse Kuismanen (kitara, mandoliini &amp; laulu)<br><a href=\"https:\/\/www.dropbox.com\/s\/vfjtycnq4tsdxs5\/goon%205%20tricolor%20pystypromo%20hires.jpg?dl=0\" data-type=\"URL\" data-id=\"https:\/\/www.dropbox.com\/s\/vfjtycnq4tsdxs5\/goon%205%20tricolor%20pystypromo%20hires.jpg?dl=0\">Lataa tiedosto t\u00e4st\u00e4 (RGB, jpg, 5,3 Mt)<\/a><\/p>\n\n\n\n<figure class=\"wp-block-image size-large\"><a href=\"https:\/\/www.goon.fi\/wp-content\/uploads\/2021\/08\/Pillifarkut-RGB-flat-fix1-scaled.jpg\"><img loading=\"lazy\" decoding=\"async\" width=\"1024\" height=\"1024\" src=\"https:\/\/www.goon.fi\/wp-content\/uploads\/2021\/08\/Pillifarkut-RGB-flat-fix1-1024x1024.jpg\" alt=\"\" class=\"wp-image-747\" srcset=\"https:\/\/www.goon.fi\/wp-content\/uploads\/2021\/08\/Pillifarkut-RGB-flat-fix1-1024x1024.jpg 1024w, https:\/\/www.goon.fi\/wp-content\/uploads\/2021\/08\/Pillifarkut-RGB-flat-fix1-300x300.jpg 300w, https:\/\/www.goon.fi\/wp-content\/uploads\/2021\/08\/Pillifarkut-RGB-flat-fix1-150x150.jpg 150w, https:\/\/www.goon.fi\/wp-content\/uploads\/2021\/08\/Pillifarkut-RGB-flat-fix1-768x768.jpg 768w, https:\/\/www.goon.fi\/wp-content\/uploads\/2021\/08\/Pillifarkut-RGB-flat-fix1-1536x1536.jpg 1536w, https:\/\/www.goon.fi\/wp-content\/uploads\/2021\/08\/Pillifarkut-RGB-flat-fix1-2048x2048.jpg 2048w, https:\/\/www.goon.fi\/wp-content\/uploads\/2021\/08\/Pillifarkut-RGB-flat-fix1-640x640.jpg 640w, https:\/\/www.goon.fi\/wp-content\/uploads\/2021\/08\/Pillifarkut-RGB-flat-fix1-180x180.jpg 180w, https:\/\/www.goon.fi\/wp-content\/uploads\/2021\/08\/Pillifarkut-RGB-flat-fix1-50x50.jpg 50w\" sizes=\"auto, (max-width: 1024px) 100vw, 1024px\" \/><\/a><\/figure>\n\n\n\n<p>Sinkun Pillifarkut kansi<br><a href=\"https:\/\/www.dropbox.com\/s\/9ee18bmc0m0yfl6\/Pillifarkut%20RGB%20flat%20fix1.jpg?dl=0\" data-type=\"URL\">Lataa tiedostosto t\u00e4st\u00e4 (RGB, jpg, 3778 Kt)<\/a><\/p>\n","protected":false},"excerpt":{"rendered":"<p>Promokuvat ja kappaleen lataaminen Audio Goon: PillifarkutISRC: FIK262100004Duration: 03:23.81 San. Juho JantunenS\u00e4v. ja sov. Juho Jantunen, Tatu Ljokkoi, Jussi Hartonen, Henrikki Haavisto, Lasse Kuismanen, Matti Vuolahti, Vesa Rahkama Goon: Pillifarkut<a href=\"https:\/\/www.goon.fi\/?page_id=746\" class=\"more-link\"><span class=\"readmore\">Lue lis\u00e4\u00e4<span class=\"screen-reader-text\">Goon: Pillifarkut<\/span><\/span><\/a><\/p>\n","protected":false},"author":1,"featured_media":0,"parent":0,"menu_order":0,"comment_status":"closed","ping_status":"closed","template":"","meta":{"ngg_post_thumbnail":0,"footnotes":""},"class_list":["post-746","page","type-page","status-publish","hentry"],"_links":{"self":[{"href":"https:\/\/www.goon.fi\/index.php?rest_route=\/wp\/v2\/pages\/746","targetHints":{"allow":["GET"]}}],"collection":[{"href":"https:\/\/www.goon.fi\/index.php?rest_route=\/wp\/v2\/pages"}],"about":[{"href":"https:\/\/www.goon.fi\/index.php?rest_route=\/wp\/v2\/types\/page"}],"author":[{"embeddable":true,"href":"https:\/\/www.goon.fi\/index.php?rest_route=\/wp\/v2\/users\/1"}],"replies":[{"embeddable":true,"href":"https:\/\/www.goon.fi\/index.php?rest_route=%2Fwp%2Fv2%2Fcomments&post=746"}],"version-history":[{"count":1,"href":"https:\/\/www.goon.fi\/index.php?rest_route=\/wp\/v2\/pages\/746\/revisions"}],"predecessor-version":[{"id":748,"href":"https:\/\/www.goon.fi\/index.php?rest_route=\/wp\/v2\/pages\/746\/revisions\/748"}],"wp:attachment":[{"href":"https:\/\/www.goon.fi\/index.php?rest_route=%2Fwp%2Fv2%2Fmedia&parent=746"}],"curies":[{"name":"wp","href":"https:\/\/api.w.org\/{rel}","templated":true}]}}